eatest common factor of 997 and 35490209?
997
Calculate the greatest common divisor of 35139 and 28821.
39
What is the greatest common divisor of 525120 and 1984516?
2188
What is the highest common divisor of 522 and 259542?
18
What is the greatest common divisor of 1070 and 81947555?
535
Calculate the greatest common factor of 12 and 5356509.
3
What is the highest common divisor of 251779645 and 14170?
7085
Calculate the greatest common divisor of 2786 and 2837342.
398
Calculate the greatest common divisor of 1755 and 63018891.
351
Calculate the highest common divisor of 325416 and 101523534.
6258
What is the greatest common factor of 692646 and 12462?
402
What is the highest common factor of 2535370 and 50?
10
What is the highest common factor of 2485542 and 1824?
114
What is the highest common factor of 1073488 and 5870384?
2704
What is the highest common factor of 179935 and 114268?
371
Calculate the greatest common factor of 658 and 3263441146.
658
Calculate the highest common divisor of 1407 and 12836463.
201
Calculate the greatest common factor of 501 and 10732756.
167
What is the greatest common divisor of 23142370 and 421?
421
Calculate the greatest common divisor of 980 and 6571390.
490
What is the highest common divisor of 7937388 and 1924?
148
Calculate the highest common factor of 70 and 697501.
7
What is the highest common divisor of 693 and 127778?
7
What is the highest common divisor of 298 and 151570399?
149
Calculate the greatest common divisor of 393602 and 108086.
22
Calculate the greatest common factor of 62930 and 78590.
290
Calculate the greatest common divisor of 213914570 and 680.
170
Calculate the highest common divisor of 46201554 and 8176.
1022
Calculate the highest common factor of 337 and 1188599.
337
What is the highest common factor of 874 and 260038?
46
What is the highest common divisor of 202539 and 156927?
543
What is the greatest common divisor of 1732373 and 666507?
1363
Calculate the highest common factor of 1412 and 549140214.
706
What is the highest common divisor of 361264000 and 670?
670
Calculate the greatest common factor of 1889 and 521188323.
1889
Calculate the greatest common factor of 7420271 and 3281.
193
What is the greatest common divisor of 22383805 and 1805?
1805
Calculate the highest common divisor of 852 and 10924912.
284
What is the highest common divisor of 205128 and 1960728?
1848
What is the greatest common factor of 2690848776 and 28?
28
What is the greatest common divisor of 2802681 and 3633?
21
Calculate the greatest common divisor of 511777 and 1343118.
791
Calculate the highest common factor of 11148 and 92532.
12
What is the highest common divisor of 900 and 435096?
36
What is the greatest common factor of 112 and 783774928?
16
Calculate the greatest common divisor of 253155 and 150465.
105
Calculate the highest common divisor of 27561237 and 1419.
1419
Calculate the greatest common divisor of 145 and 825790.
5
Calculate the greatest common factor of 13 and 411824543.
13
What is the highest common factor of 7575 and 1540701975?
7575
Calculate the highest common divisor of 3285048 and 191100.
156
What is the greatest common divisor of 229842313 and 107?
107
Calculate the highest common divisor of 111764397 and 747.
249
What is the highest common factor of 30193 and 13952?
109
What is the greatest common divisor of 1224 and 76068064?
136
What is the highest common factor of 928921475 and 41644?
10411
What is the greatest common divisor of 195926204 and 65888?
8236
Calculate the highest common factor of 235422 and 753621.
1353
Calculate the greatest common divisor of 22 and 37081286.
22
What is the greatest common divisor of 1521 and 430274?
169
Calculate the highest common factor of 42 and 7811447.
7
Calculate the highest common divisor of 3404 and 640021.
23
What is the greatest common factor of 760 and 129235720?
760
What is the greatest common divisor of 1028419895 and 7765?
7765
What is the highest common factor of 10077 and 2103926445?
10077
Calculate the highest common divisor of 2741451 and 240039.
447
Calculate the highest common factor of 4757204 and 52.
4
Calculate the highest common factor of 9 and 639708633.
9
Calculate the highest common factor of 231 and 193991424.
33
What is the greatest common factor of 415 and 20268517?
83
What is the highest common divisor of 327377 and 4589929?
739
Calculate the highest common factor of 8308056 and 384.
24
Calculate the highest common factor of 304 and 9863904.
16
What is the highest common factor of 3660577791 and 741?
741
Calculate the highest common factor of 1793951 and 309.
103
Calculate the greatest common factor of 7640 and 19357040.
40
What is the highest common divisor of 895260 and 255045?
5205
What is the highest common factor of 2334740 and 507315?
5455
What is the greatest common divisor of 323 and 17059112?
19
What is the highest common divisor of 1809 and 8316375?
201
What is the highest common divisor of 8599299 and 1812?
453
Calculate the greatest common divisor of 83203587 and 159.
159
What is the greatest common factor of 2172 and 33220197?
543
What is the highest common divisor of 62064540 and 5180?
740
What is the greatest common divisor of 104 and 60197888?
8
Calculate the greatest common divisor of 3686 and 11.
1
Calculate the greatest common divisor of 4658253 and 1242990.
5919
What is the greatest common factor of 4198677 and 9996?
357
Calculate the greatest common divisor of 15397347 and 60795.
4053
What is the greatest common divisor of 19712 and 260128?
352
Calculate the greatest common divisor of 247 and 41339725.
19
Calculate the greatest common divisor of 1792 and 19768.
56
Calculate the highest common divisor of 1132400 and 13414000.
7600
What is the greatest common divisor of 745 and 14049359?
149
What is the greatest common factor of 1278 and 2122542?
18
What is the greatest common divisor of 214812 and 1945905?
663
Calculate the greatest common divisor of 111 and 10070845.
37
What is the highest common factor of 3928839 and 48?
3
What is the greatest common factor of 23460 and 301530?
690
What is the greatest common factor of 25 and 399390550?
25
What is the greatest common factor of 4799561 and 364?
13
Calculate the highest common divisor of 581 and 1985410.
7
Calculate the greatest common factor of 4360 and 260887140.
2180
Calculate the highest common divisor of 181380 and 210.
30
What is the highest common divisor of 222 and 5700701?
37
Calculate the greatest common factor of 10880 and 5964160.
640
What is the greatest common factor of 888055938 and 396?
198
Calculate the greatest common divisor of 239227372 and 178.
178
What is the highest common factor of 11663 and 259965?
109
What is the greatest common factor of 4017 and 1672308?
309
Calculate the highest common divisor of 731 and 5660563.
43
Calculate the greatest common factor of 22 and 115663350.
22
Calculate the highest common divisor of 64289192 and 11.
11
What is the highest common factor of 51832 and 11640376?
2728
Calculate the highest common factor of 22 and 1174109266.
22
Calculate the greatest common factor of 76850 and 337928.
106
What is the greatest common divisor of 4141620 and 540?
180
What is the greatest common factor of 39215570 and 172?
86
What is the highest common factor of 57723 and 135771?
813
What is the greatest common factor of 92948863 and 991?
991
Calculate the greatest common factor of 1130 and 28006485.
565
Calculate the greatest common factor of 8050900 and 26.
26
What is the greatest common divisor of 944010 and 37230?
510
What is the greatest common divisor of 470250 and 64410?
570
Calculate the highest common factor of 2561682 and 3354.
258
What is the greatest common divisor of 192 and 147438528?
192
Calculate the highest common factor of 344 and 2051536.
8
What is the highest common divisor of 9169 and 243217?
53
Calculate the highest common factor of 261 and 2012265.
9
What is the highest common divisor of 250446750 and 300?
150
Calculate the greatest common factor of 588258 and 160578.
198
Calculate the greatest common factor of 21 and 73097061.
3
What is the highest common divisor of 72256 and 2284?
4
What is the greatest common divisor of 62345820 and 45780?
6540
What is the highest common di